{"id":5110,"date":"2024-04-02T15:42:17","date_gmt":"2024-04-02T13:42:17","guid":{"rendered":"https:\/\/bazilikabudapest.hu\/?page_id=5110"},"modified":"2025-01-09T16:43:00","modified_gmt":"2025-01-09T15:43:00","slug":"kereszteles","status":"publish","type":"page","link":"https:\/\/bazilikabudapest.hu\/en\/kereszteles\/","title":{"rendered":"Baptism"},"content":{"rendered":"<div data-elementor-type=\"wp-page\" data-elementor-id=\"5110\" class=\"elementor elementor-5110\">\n\t\t\t\t<div class=\"elementor-element elementor-element-796f38e e-flex e-con-boxed e-con e-parent\" data-id=\"796f38e\" data-element_type=\"container\" data-e-type=\"container\">\n\t\t\t\t\t<div class=\"e-con-inner\">\n\t\t\t\t<div class=\"elementor-element elementor-element-19391ef elementor-widget elementor-widget-text-editor\" data-id=\"19391ef\" data-element_type=\"widget\" data-e-type=\"widget\" data-widget_type=\"text-editor.default\">\n\t\t\t\t<div class=\"elementor-widget-container\">\n\t\t\t\t\t\t\t\t\t<h6 style=\"text-align: justify;\">The sacrament of baptism <strong>washes away your sins,<\/strong>makes you a child of God and <strong>a member of the Church.<\/strong>In baptism, the baptized person receives a name and a patron saint. Other sacraments can\nonly be taken after baptism.<\/h6>\n\t\t\t\t\t\t\t\t<\/div>\n\t\t\t\t<\/div>\n\t\t\t\t\t<\/div>\n\t\t\t\t<\/div>\n\t\t<div class=\"elementor-element elementor-element-e3b4b4f e-flex e-con-boxed e-con e-parent\" data-id=\"e3b4b4f\" data-element_type=\"container\" data-e-type=\"container\">\n\t\t\t\t\t<div class=\"e-con-inner\">\n\t\t<div class=\"elementor-element elementor-element-29ea31a e-con-full e-flex e-con e-child\" data-id=\"29ea31a\" data-element_type=\"container\" data-e-type=\"container\">\n\t\t\t\t<div class=\"elementor-element elementor-element-3d6dec1 elementor-widget elementor-widget-text-editor\" data-id=\"3d6dec1\" data-element_type=\"widget\" data-e-type=\"widget\" data-widget_type=\"text-editor.default\">\n\t\t\t\t<div class=\"elementor-widget-container\">\n\t\t\t\t\t\t\t\t\t<h5 style=\"text-align: justify;\"><strong>1. Announcing a Baptism<\/strong><\/h5>\n<p style=\"text-align: justify;\">Baptisms are at St. Stephen's Basilica on Sundays at 11:00. The baptismal date must be agreed in\nadvance by phone, email or in person. The date of baptism shall be registered after the child's birth\ncertificate and the completed and signed baptismal note (in person or by email). Please read the full\ntext of the baptism announcement carefully.<\/p>\n\t\t\t\t\t\t\t\t<\/div>\n\t\t\t\t<\/div>\n\t\t\t\t<div class=\"elementor-element elementor-element-444e24b elementor-widget elementor-widget-button\" data-id=\"444e24b\" data-element_type=\"widget\" data-e-type=\"widget\" data-widget_type=\"button.default\">\n\t\t\t\t<div class=\"elementor-widget-container\">\n\t\t\t\t\t\t\t\t\t<div class=\"elementor-button-wrapper\">\n\t\t\t\t\t<a class=\"elementor-button elementor-button-link elementor-size-sm\" href=\"https:\/\/bazilikabudapest.hu\/wp-content\/uploads\/2024\/04\/Keresztelesi-bejelento-2024.pdf\">\n\t\t\t\t\t\t<span class=\"elementor-button-content-wrapper\">\n\t\t\t\t\t\t<span class=\"elementor-button-icon\">\n\t\t\t\t<i aria-hidden=\"true\" class=\"fas fa-file-download\"><\/i>\t\t\t<\/span>\n\t\t\t\t\t\t\t\t\t<span class=\"elementor-button-text\">Baptismal note<\/span>\n\t\t\t\t\t<\/span>\n\t\t\t\t\t<\/a>\n\t\t\t\t<\/div>\n\t\t\t\t\t\t\t\t<\/div>\n\t\t\t\t<\/div>\n\t\t\t\t<\/div>\n\t\t<div class=\"elementor-element elementor-element-582f152 e-con-full e-flex e-con e-child\" data-id=\"582f152\" data-element_type=\"container\" data-e-type=\"container\">\n\t\t\t\t<div class=\"elementor-element elementor-element-2b91ecd elementor-widget elementor-widget-text-editor\" data-id=\"2b91ecd\" data-element_type=\"widget\" data-e-type=\"widget\" data-widget_type=\"text-editor.default\">\n\t\t\t\t<div class=\"elementor-widget-container\">\n\t\t\t\t\t\t\t\t\t<h5 style=\"text-align: justify;\"><strong>2. Godparent<\/strong><\/h5><p style=\"text-align: justify;\">It is the responsibility of the godparent to help the baptized child to progress in the Christian life. A\nchild may have a godparent or a godmother and godfather. The godparent turned 16, Catholic,\nconfirmed, already made his\/her first sacrifice, so he\/sh is practicing his\/her faith. Do not be the\nfather or mother of be baptized. If these conditions are not met, they will be registered as a\nbaptismal witness in the Parish Office.<br \/>If this conditions are not full field, they will be registered as baptismal witnesses in the parish registry.<\/p>\t\t\t\t\t\t\t\t<\/div>\n\t\t\t\t<\/div>\n\t\t\t\t<\/div>\n\t\t\t\t\t<\/div>\n\t\t\t\t<\/div>\n\t\t<div class=\"elementor-element elementor-element-df75ad9 e-flex e-con-boxed e-con e-parent\" data-id=\"df75ad9\" data-element_type=\"container\" data-e-type=\"container\">\n\t\t\t\t\t<div class=\"e-con-inner\">\n\t\t<div class=\"elementor-element elementor-element-4404366 e-con-full e-flex e-con e-child\" data-id=\"4404366\" data-element_type=\"container\" data-e-type=\"container\">\n\t\t\t\t<div class=\"elementor-element elementor-element-3b95114 elementor-widget elementor-widget-text-editor\" data-id=\"3b95114\" data-element_type=\"widget\" data-e-type=\"widget\" data-widget_type=\"text-editor.default\">\n\t\t\t\t<div class=\"elementor-widget-container\">\n\t\t\t\t\t\t\t\t\t<h5 style=\"text-align: justify;\"><strong>3. Baptism education<\/strong><\/h5>\n<p style=\"text-align: justify;\">The purpose of the meeting is to get to know the child's parents and godparents, talk about baptism\nand discuss any issues before the ceremony. If it is possible, we would like all four of you to attend the\nmeeting. The time of instruction is on a Sunday of your choice before the baptism, which you must\nsign up by phone or email.\t\t\t\t\t\t\t\t<\/div>\n\t\t\t\t<\/div>\n\t\t\t\t<\/div>\n\t\t<div class=\"elementor-element elementor-element-9cda7ab e-con-full e-flex e-con e-child\" data-id=\"9cda7ab\" data-element_type=\"container\" data-e-type=\"container\">\n\t\t\t\t<div class=\"elementor-element elementor-element-fdd08d3 elementor-widget elementor-widget-text-editor\" data-id=\"fdd08d3\" data-element_type=\"widget\" data-e-type=\"widget\" data-widget_type=\"text-editor.default\">\n\t\t\t\t<div class=\"elementor-widget-container\">\n\t\t\t\t\t\t\t\t\t<h5 style=\"text-align: justify;\"><strong>4. Further information<\/strong><\/h5>\n<p style=\"text-align: justify;\">To the baptism education can you come in through the entrance to Bajcsy-Zsilinszky Road of St. Stephen's Basilica at 11:15. For baptism, you must arrive at St. Stephen's Basilica 15\nminutes before 11:00. Please do not disturb the end of the 10:00 mass and please dress\nappropriately for church. Parents can sit in the first row with the child. Behind the parents\nshould be the godparents and other relatives behind them. Based on the data provided, the\nParish Office registers the baptism (and stores the data in this connection).\t\t\t\t\t\t\t\t<\/div>\n\t\t\t\t<\/div>\n\t\t\t\t<\/div>\n\t\t\t\t\t<\/div>\n\t\t\t\t<\/div>\n\t\t\t\t<\/div>","protected":false},"excerpt":{"rendered":"<p>A keresztel\u00e9s szents\u00e9ge elt\u00f6rli a b\u0171n\u00f6ket, Isten gyermek\u00e9v\u00e9 \u00e9s az Egyh\u00e1z tagj\u00e1v\u00e1 tesz. A kereszts\u00e9gben nevet \u00e9s v\u00e9d\u0151szentet kap a megkeresztelt. M\u00e1s szents\u00e9gek csak a kereszts\u00e9g ut\u00e1n vehet\u0151k fel. 1. Keresztel\u00e9s bejelent\u00e9se A keresztel\u00e9sek a Szent Istv\u00e1n Bazilik\u00e1ban vas\u00e1rnap 11 \u00f3rakor vannak. A keresztel\u0151 id\u0151pontot el\u0151zetesen egyeztetni kell telefonon, e-mailben vagy szem\u00e9lyesen. A keresztel\u00e9s id\u0151pontj\u00e1t a gyermek sz\u00fclet\u00e9si anyak\u00f6nyvi kivonat\u00e1nak m\u00e1solata, valamint a kit\u00f6lt\u00f6tt \u00e9s al\u00e1\u00edrt keresztel\u00e9si bejelent\u0151 be\u00e9rkez\u00e9s\u00e9t k\u00f6vet\u0151en (szem\u00e9lyesen vagy emailben) jegyezz\u00fck be. K\u00e9rem a keresztel\u00e9si bejelent\u0151 teljes sz\u00f6veget figyelmesen olvass\u00e1k el. Keresztel\u00e9si bejelent\u0151 2. Keresztsz\u00fcl\u0151 A keresztsz\u00fcl\u0151&#8230;<\/p>","protected":false},"author":1,"featured_media":0,"parent":0,"menu_order":0,"comment_status":"closed","ping_status":"closed","template":"","meta":{"_price":"","_stock":"","_tribe_ticket_header":"","_tribe_default_ticket_provider":"","_tribe_ticket_capacity":"0","_ticket_start_date":"","_ticket_end_date":"","_tribe_ticket_show_description":"","_tribe_ticket_show_not_going":false,"_tribe_ticket_use_global_stock":"","_tribe_ticket_global_stock_level":"","_global_stock_mode":"","_global_stock_cap":"","_tribe_rsvp_for_event":"","_tribe_ticket_going_count":"","_tribe_ticket_not_going_count":"","_tribe_tickets_list":"[]","_tribe_ticket_has_attendee_info_fields":false,"footnotes":"","_tec_slr_enabled":"","_tec_slr_layout":""},"class_list":["post-5110","page","type-page","status-publish","hentry"],"ticketed":false,"_links":{"self":[{"href":"https:\/\/bazilikabudapest.hu\/en\/wp-json\/wp\/v2\/pages\/5110","targetHints":{"allow":["GET"]}}],"collection":[{"href":"https:\/\/bazilikabudapest.hu\/en\/wp-json\/wp\/v2\/pages"}],"about":[{"href":"https:\/\/bazilikabudapest.hu\/en\/wp-json\/wp\/v2\/types\/page"}],"author":[{"embeddable":true,"href":"https:\/\/bazilikabudapest.hu\/en\/wp-json\/wp\/v2\/users\/1"}],"replies":[{"embeddable":true,"href":"https:\/\/bazilikabudapest.hu\/en\/wp-json\/wp\/v2\/comments?post=5110"}],"version-history":[{"count":13,"href":"https:\/\/bazilikabudapest.hu\/en\/wp-json\/wp\/v2\/pages\/5110\/revisions"}],"predecessor-version":[{"id":7443,"href":"https:\/\/bazilikabudapest.hu\/en\/wp-json\/wp\/v2\/pages\/5110\/revisions\/7443"}],"wp:attachment":[{"href":"https:\/\/bazilikabudapest.hu\/en\/wp-json\/wp\/v2\/media?parent=5110"}],"curies":[{"name":"wp","href":"https:\/\/api.w.org\/{rel}","templated":true}]}}

<p>A keresztelés szentsége eltörli a bűnöket, Isten gyermekévé és az Egyház tagjává tesz. A keresztségben nevet és védőszentet kap a megkeresztelt. Más szentségek csak a keresztség után vehetők fel. 1. Keresztelés bejelentése A keresztelések a Szent István Bazilikában vasárnap 11 órakor vannak. A keresztelő időpontot előzetesen egyeztetni kell telefonon, e-mailben vagy személyesen. A keresztelés időpontját a gyermek születési anyakönyvi kivonatának másolata, valamint a kitöltött és aláírt keresztelési bejelentő beérkezését követően (személyesen vagy emailben) jegyezzük be. Kérem a keresztelési bejelentő teljes szöveget figyelmesen olvassák el. Keresztelési bejelentő 2. Keresztszülő A keresztszülő&#8230;</p>
