{"id":5119,"date":"2024-04-02T15:53:22","date_gmt":"2024-04-02T13:53:22","guid":{"rendered":"https:\/\/bazilikabudapest.hu\/?page_id=5119"},"modified":"2025-02-25T10:46:30","modified_gmt":"2025-02-25T09:46:30","slug":"katekumenatus","status":"publish","type":"page","link":"https:\/\/bazilikabudapest.hu\/en\/katekumenatus\/","title":{"rendered":"Adult catechumenate"},"content":{"rendered":"<div data-elementor-type=\"wp-page\" data-elementor-id=\"5119\" class=\"elementor elementor-5119\">\n\t\t\t\t<div class=\"elementor-element elementor-element-796f38e e-flex e-con-boxed e-con e-parent\" data-id=\"796f38e\" data-element_type=\"container\" data-e-type=\"container\">\n\t\t\t\t\t<div class=\"e-con-inner\">\n\t\t\t\t<div class=\"elementor-element elementor-element-19391ef elementor-widget elementor-widget-text-editor\" data-id=\"19391ef\" data-element_type=\"widget\" data-e-type=\"widget\" data-widget_type=\"text-editor.default\">\n\t\t\t\t<div class=\"elementor-widget-container\">\n\t\t\t\t\t\t\t\t\t<h6 style=\"text-align: justify;\"><strong>Catechumenate started for adults above 18 to become prepared for Baptizing, for the First\nCommunion or for Confirmation, as to their wish, if those have not happened in their childhood.<\/strong><\/h6>\t\t\t\t\t\t\t\t<\/div>\n\t\t\t\t<\/div>\n\t\t\t\t\t<\/div>\n\t\t\t\t<\/div>\n\t\t<div class=\"elementor-element elementor-element-e3b4b4f e-flex e-con-boxed e-con e-parent\" data-id=\"e3b4b4f\" data-element_type=\"container\" data-e-type=\"container\">\n\t\t\t\t\t<div class=\"e-con-inner\">\n\t\t<div class=\"elementor-element elementor-element-582f152 e-con-full e-flex e-con e-child\" data-id=\"582f152\" data-element_type=\"container\" data-e-type=\"container\">\n\t\t\t\t<div class=\"elementor-element elementor-element-2b91ecd elementor-widget elementor-widget-text-editor\" data-id=\"2b91ecd\" data-element_type=\"widget\" data-e-type=\"widget\" data-widget_type=\"text-editor.default\">\n\t\t\t\t<div class=\"elementor-widget-container\">\n\t\t\t\t\t\t\t\t\t<div style=\"text-align: justify;\">The occasions take place every Friday at 19.00 in the Bible Study room of the Basilica.<\/div><div>\u00a0<\/div><div style=\"text-align: justify;\"><strong>First occasion: 13th September 2024, 19.00<\/strong><\/div><div>\u00a0<\/div><div style=\"text-align: justify;\">Application is possible by filling the form. T<\/div><div>\u00a0<\/div><div>he Catechumenate starts in September 2024, kindly contact us for details before starting.\u00a0<\/div>\t\t\t\t\t\t\t\t<\/div>\n\t\t\t\t<\/div>\n\t\t\t\t<div class=\"elementor-element elementor-element-af76d8f elementor-widget elementor-widget-button\" data-id=\"af76d8f\" data-element_type=\"widget\" data-e-type=\"widget\" data-widget_type=\"button.default\">\n\t\t\t\t<div class=\"elementor-widget-container\">\n\t\t\t\t\t\t\t\t\t<div class=\"elementor-button-wrapper\">\n\t\t\t\t\t<a class=\"elementor-button elementor-button-link elementor-size-sm\" href=\"https:\/\/docs.google.com\/forms\/d\/e\/1FAIpQLSeyczEuRB46GQfOf68LHtxIIKnq9j6jYfB5f31dVUDDSbUeJw\/viewform\">\n\t\t\t\t\t\t<span class=\"elementor-button-content-wrapper\">\n\t\t\t\t\t\t\t\t\t<span class=\"elementor-button-text\">Application form<\/span>\n\t\t\t\t\t<\/span>\n\t\t\t\t\t<\/a>\n\t\t\t\t<\/div>\n\t\t\t\t\t\t\t\t<\/div>\n\t\t\t\t<\/div>\n\t\t\t\t<\/div>\n\t\t\t\t\t<\/div>\n\t\t\t\t<\/div>\n\t\t\t\t<\/div>","protected":false},"excerpt":{"rendered":"<p>Feln\u0151tt kereszts\u00e9gre el\u0151k\u00e9sz\u00edt\u0151 katekumen\u00e1tus indul 18 \u00e9v felettieknek, akik szeretn\u00e9nek megkeresztelkedni. Illetve &#8211; ha gyermekkorukban elmaradt- els\u0151\u00e1ldozni vagy b\u00e9rm\u00e1lkozni. Az alkalmak p\u00e9ntekenk\u00e9nt 19 \u00f3rakor kezd\u0151dnek a Bazilika hittanterm\u00e9ben.\u00a0Els\u0151 alkalom: 2024. szeptember 13. 19.00\u00a0Jelentkezni az al\u00e1bbi \u0171rlap kit\u00f6lt\u00e9s\u00e9vel lehets\u00e9ges.\u00a0Id\u00e9n szeptember fog majd indulni legk\u00f6zelebb csoport, k\u00e9rj\u00fck, hogy augusztusban keressenek meg a r\u00e9sztelek kapcs\u00e1n.\u00a0 Jelentkez\u00e9si \u0171rlap<\/p>","protected":false},"author":1,"featured_media":0,"parent":0,"menu_order":0,"comment_status":"closed","ping_status":"closed","template":"","meta":{"_price":"","_stock":"","_tribe_ticket_header":"","_tribe_default_ticket_provider":"","_tribe_ticket_capacity":"0","_ticket_start_date":"","_ticket_end_date":"","_tribe_ticket_show_description":"","_tribe_ticket_show_not_going":false,"_tribe_ticket_use_global_stock":"","_tribe_ticket_global_stock_level":"","_global_stock_mode":"","_global_stock_cap":"","_tribe_rsvp_for_event":"","_tribe_ticket_going_count":"","_tribe_ticket_not_going_count":"","_tribe_tickets_list":"[]","_tribe_ticket_has_attendee_info_fields":false,"footnotes":"","_tec_slr_enabled":"","_tec_slr_layout":""},"class_list":["post-5119","page","type-page","status-publish","hentry"],"ticketed":false,"_links":{"self":[{"href":"https:\/\/bazilikabudapest.hu\/en\/wp-json\/wp\/v2\/pages\/5119","targetHints":{"allow":["GET"]}}],"collection":[{"href":"https:\/\/bazilikabudapest.hu\/en\/wp-json\/wp\/v2\/pages"}],"about":[{"href":"https:\/\/bazilikabudapest.hu\/en\/wp-json\/wp\/v2\/types\/page"}],"author":[{"embeddable":true,"href":"https:\/\/bazilikabudapest.hu\/en\/wp-json\/wp\/v2\/users\/1"}],"replies":[{"embeddable":true,"href":"https:\/\/bazilikabudapest.hu\/en\/wp-json\/wp\/v2\/comments?post=5119"}],"version-history":[{"count":10,"href":"https:\/\/bazilikabudapest.hu\/en\/wp-json\/wp\/v2\/pages\/5119\/revisions"}],"predecessor-version":[{"id":8146,"href":"https:\/\/bazilikabudapest.hu\/en\/wp-json\/wp\/v2\/pages\/5119\/revisions\/8146"}],"wp:attachment":[{"href":"https:\/\/bazilikabudapest.hu\/en\/wp-json\/wp\/v2\/media?parent=5119"}],"curies":[{"name":"wp","href":"https:\/\/api.w.org\/{rel}","templated":true}]}}

<p>Felnőtt keresztségre előkészítő katekumenátus indul 18 év felettieknek, akik szeretnének megkeresztelkedni. Illetve &#8211; ha gyermekkorukban elmaradt- elsőáldozni vagy bérmálkozni. Az alkalmak péntekenként 19 órakor kezdődnek a Bazilika hittantermében. Első alkalom: 2024. szeptember 13. 19.00 Jelentkezni az alábbi űrlap kitöltésével lehetséges. Idén szeptember fog majd indulni legközelebb csoport, kérjük, hogy augusztusban keressenek meg a résztelek kapcsán.  Jelentkezési űrlap</p>
