{"id":5125,"date":"2024-04-02T16:01:50","date_gmt":"2024-04-02T14:01:50","guid":{"rendered":"https:\/\/bazilikabudapest.hu\/?page_id=5125"},"modified":"2025-02-25T10:38:17","modified_gmt":"2025-02-25T09:38:17","slug":"elsoaldozas","status":"publish","type":"page","link":"https:\/\/bazilikabudapest.hu\/en\/elsoaldozas\/","title":{"rendered":"First Communion"},"content":{"rendered":"<div data-elementor-type=\"wp-page\" data-elementor-id=\"5125\" class=\"elementor elementor-5125\">\n\t\t\t\t<div class=\"elementor-element elementor-element-e28ee84 e-flex e-con-boxed e-con e-parent\" data-id=\"e28ee84\" data-element_type=\"container\" data-e-type=\"container\">\n\t\t\t\t\t<div class=\"e-con-inner\">\n\t\t\t\t<div class=\"elementor-element elementor-element-fe64c75 elementor-widget elementor-widget-text-editor\" data-id=\"fe64c75\" data-element_type=\"widget\" data-e-type=\"widget\" data-widget_type=\"text-editor.default\">\n\t\t\t\t<div class=\"elementor-widget-container\">\n\t\t\t\t\t\t\t\t\t<h5 style=\"text-align: justify;\"><strong>Bible study for preparation to the First Communion<\/strong><\/h5><div style=\"text-align: justify;\">Following the winter holiday of the schools, from 9th January 2025 the Bible study for preparation\nto the First Communion will start in the Bible study room on the first floor of the Basilica.<\/div><div style=\"text-align: justify;\"><strong>Day of the First Communion is planned <b>for the 18th May 2025, <\/b>Sunday, within the Holy Mass at 10:00.<\/strong><\/div>\t\t\t\t\t\t\t\t<\/div>\n\t\t\t\t<\/div>\n\t\t\t\t\t<\/div>\n\t\t\t\t<\/div>\n\t\t<div class=\"elementor-element elementor-element-e3b4b4f e-flex e-con-boxed e-con e-parent\" data-id=\"e3b4b4f\" data-element_type=\"container\" data-e-type=\"container\">\n\t\t\t\t\t<div class=\"e-con-inner\">\n\t\t<div class=\"elementor-element elementor-element-29ea31a e-con-full e-flex e-con e-child\" data-id=\"29ea31a\" data-element_type=\"container\" data-e-type=\"container\">\n\t\t\t\t<div class=\"elementor-element elementor-element-3d6dec1 elementor-widget elementor-widget-text-editor\" data-id=\"3d6dec1\" data-element_type=\"widget\" data-e-type=\"widget\" data-widget_type=\"text-editor.default\">\n\t\t\t\t<div class=\"elementor-widget-container\">\n\t\t\t\t\t\t\t\t\t<div style=\"text-align: justify;\">Those nearly half year long preparatory courses will be held on Thursdays from 16:30 to 17:30.\nParents or relatives taking their children, can stay there with them. We await schoolchildren, who\nhave catholic Bible class in their school, or who attend Bible study in another church. This condition is necessary, because the children recieve the foundations for their faith, christian life there, besides education in the family. We await 3rd or 4th class children with native or good command of learned Hungarian. One year difference is not a problem. The copy or readable photo of the child\u2019s Baptismal\nCertificat should be submitted to the Parish office or to the person holding the course.<\/div>\t\t\t\t\t\t\t\t<\/div>\n\t\t\t\t<\/div>\n\t\t\t\t<\/div>\n\t\t<div class=\"elementor-element elementor-element-582f152 e-con-full e-flex e-con e-child\" data-id=\"582f152\" data-element_type=\"container\" data-e-type=\"container\">\n\t\t\t\t<div class=\"elementor-element elementor-element-2b91ecd elementor-widget elementor-widget-text-editor\" data-id=\"2b91ecd\" data-element_type=\"widget\" data-e-type=\"widget\" data-widget_type=\"text-editor.default\">\n\t\t\t\t<div class=\"elementor-widget-container\">\n\t\t\t\t\t\t\t\t\t<div style=\"text-align: justify;\">The preparatory course held in the Basilica must be visited regularly, distance education or special\nprivat opportunities are not available. Absence is accepted only in case of sickness. By reason of\nmusic, sport, dance or language classes no exemption can be given. The preparatory course is free of charge, no need to buy any book or work book.<\/div><div>\u00a0<\/div><div style=\"text-align: justify;\">Application form to the preparatory course is available, parents are kindly requested to fill it in with exact and valid data according to their documents.<\/div><div><strong>Application for this year has been closed down!\u00a0<\/strong><\/div>\t\t\t\t\t\t\t\t<\/div>\n\t\t\t\t<\/div>\n\t\t\t\t<div class=\"elementor-element elementor-element-af76d8f elementor-widget elementor-widget-button\" data-id=\"af76d8f\" data-element_type=\"widget\" data-e-type=\"widget\" data-widget_type=\"button.default\">\n\t\t\t\t<div class=\"elementor-widget-container\">\n\t\t\t\t\t\t\t\t\t<div class=\"elementor-button-wrapper\">\n\t\t\t\t\t<a class=\"elementor-button elementor-button-link elementor-size-sm\" href=\"https:\/\/docs.google.com\/forms\/d\/e\/1FAIpQLSdRKlrGjqW_ig93yh_WhcXfkeSz_oSxkKodsoM75Cw_eDYAjg\/viewform\">\n\t\t\t\t\t\t<span class=\"elementor-button-content-wrapper\">\n\t\t\t\t\t\t\t\t\t<span class=\"elementor-button-text\">Application<\/span>\n\t\t\t\t\t<\/span>\n\t\t\t\t\t<\/a>\n\t\t\t\t<\/div>\n\t\t\t\t\t\t\t\t<\/div>\n\t\t\t\t<\/div>\n\t\t\t\t<\/div>\n\t\t\t\t\t<\/div>\n\t\t\t\t<\/div>\n\t\t<div class=\"elementor-element elementor-element-ec74fa7 e-flex e-con-boxed e-con e-parent\" data-id=\"ec74fa7\" data-element_type=\"container\" data-e-type=\"container\">\n\t\t\t\t\t<div class=\"e-con-inner\">\n\t\t\t\t<div class=\"elementor-element elementor-element-991f13a elementor-widget elementor-widget-text-editor\" data-id=\"991f13a\" data-element_type=\"widget\" data-e-type=\"widget\" data-widget_type=\"text-editor.default\">\n\t\t\t\t<div class=\"elementor-widget-container\">\n\t\t\t\t\t\t\t\t\t<div class=\"row\"><div class=\"col-sm-12\"><div id=\"lText\" class=\"float-left full-width with-padding margin-bottom font14\" style=\"text-align: justify;\"><p>With the application I acknowledge and accept that the given personal data will be used for\narrangement of the preparatory course of the Basilica and registration.<\/p><\/div><\/div><\/div>\t\t\t\t\t\t\t\t<\/div>\n\t\t\t\t<\/div>\n\t\t\t\t\t<\/div>\n\t\t\t\t<\/div>\n\t\t\t\t<\/div>","protected":false},"excerpt":{"rendered":"<p>Els\u0151\u00e1ldoz\u00e1sra felk\u00e9sz\u00edt\u0151 hittan A t\u00e9li iskolai sz\u00fcnetet k\u00f6vet\u0151en 2025. janu\u00e1r 9-t\u0151l, a Szent Istv\u00e1n Bazilika emeleti hittanterm\u00e9ben gyermekeknek els\u0151\u00e1ldoz\u00e1sra felk\u00e9sz\u00edt\u0151 hittan indul.Els\u0151\u00e1ldoz\u00e1s tervezett napja: 2025. m\u00e1jus 18. vas\u00e1rnap 10:00 \u00f3rai szentmis\u00e9ben.Ezek a felk\u00e9sz\u00edt\u0151 alkalmak cs\u00fct\u00f6rt\u00f6k d\u00e9lut\u00e1n lesznek,\u00a016:30-t\u00f3l 17:30-ig tartanak. Sz\u00fcl\u0151, vagy m\u00e1s rokon is jelen lehet, aki elk\u00eds\u00e9ri\u00a0a gyermeket. Sz\u00fcl\u0151, vagy m\u00e1s rokon is jelen lehet, aki elk\u00eds\u00e9ri a gyermeket. Azokat v\u00e1rjuk erre a felk\u00e9sz\u00edt\u0151re, &#8211; amely egy sz\u0171k f\u00e9l\u00e9v, &#8211; akik iskol\u00e1jukban katolikus hittan \u00f3r\u00e1kon is r\u00e9szt vesznek, vagy m\u00e1s pl\u00e9b\u00e1ni\u00e1k hitoktat\u00e1s\u00e1ra j\u00e1rnak. Az\u00e9rt sz\u00fcks\u00e9ges ez a felt\u00e9tel, mert&#8230;<\/p>","protected":false},"author":1,"featured_media":0,"parent":0,"menu_order":0,"comment_status":"closed","ping_status":"closed","template":"","meta":{"_price":"","_stock":"","_tribe_ticket_header":"","_tribe_default_ticket_provider":"","_tribe_ticket_capacity":"0","_ticket_start_date":"","_ticket_end_date":"","_tribe_ticket_show_description":"","_tribe_ticket_show_not_going":false,"_tribe_ticket_use_global_stock":"","_tribe_ticket_global_stock_level":"","_global_stock_mode":"","_global_stock_cap":"","_tribe_rsvp_for_event":"","_tribe_ticket_going_count":"","_tribe_ticket_not_going_count":"","_tribe_tickets_list":"[]","_tribe_ticket_has_attendee_info_fields":false,"footnotes":"","_tec_slr_enabled":"","_tec_slr_layout":""},"class_list":["post-5125","page","type-page","status-publish","hentry"],"ticketed":false,"_links":{"self":[{"href":"https:\/\/bazilikabudapest.hu\/en\/wp-json\/wp\/v2\/pages\/5125","targetHints":{"allow":["GET"]}}],"collection":[{"href":"https:\/\/bazilikabudapest.hu\/en\/wp-json\/wp\/v2\/pages"}],"about":[{"href":"https:\/\/bazilikabudapest.hu\/en\/wp-json\/wp\/v2\/types\/page"}],"author":[{"embeddable":true,"href":"https:\/\/bazilikabudapest.hu\/en\/wp-json\/wp\/v2\/users\/1"}],"replies":[{"embeddable":true,"href":"https:\/\/bazilikabudapest.hu\/en\/wp-json\/wp\/v2\/comments?post=5125"}],"version-history":[{"count":19,"href":"https:\/\/bazilikabudapest.hu\/en\/wp-json\/wp\/v2\/pages\/5125\/revisions"}],"predecessor-version":[{"id":8143,"href":"https:\/\/bazilikabudapest.hu\/en\/wp-json\/wp\/v2\/pages\/5125\/revisions\/8143"}],"wp:attachment":[{"href":"https:\/\/bazilikabudapest.hu\/en\/wp-json\/wp\/v2\/media?parent=5125"}],"curies":[{"name":"wp","href":"https:\/\/api.w.org\/{rel}","templated":true}]}}

<p>Elsőáldozásra felkészítő hittan A téli iskolai szünetet követően 2025. január 9-től, a Szent István Bazilika emeleti hittantermében gyermekeknek elsőáldozásra felkészítő hittan indul.Elsőáldozás tervezett napja: 2025. május 18. vasárnap 10:00 órai szentmisében.Ezek a felkészítő alkalmak csütörtök délután lesznek, 16:30-tól 17:30-ig tartanak. Szülő, vagy más rokon is jelen lehet, aki elkíséri a gyermeket. Szülő, vagy más rokon is jelen lehet, aki elkíséri a gyermeket. Azokat várjuk erre a felkészítőre, &#8211; amely egy szűk félév, &#8211; akik iskolájukban katolikus hittan órákon is részt vesznek, vagy más plébániák hitoktatására járnak. Azért szükséges ez a feltétel, mert&#8230;</p>
