{"id":9008,"date":"2025-06-26T14:23:35","date_gmt":"2025-06-26T12:23:35","guid":{"rendered":"https:\/\/bazilikabudapest.hu\/?page_id=9008"},"modified":"2025-06-26T14:25:30","modified_gmt":"2025-06-26T12:25:30","slug":"templomor","status":"publish","type":"page","link":"https:\/\/bazilikabudapest.hu\/en\/allas\/templomor\/","title":{"rendered":"Templom\u0151r munkat\u00e1rsat keres\u00fcnk"},"content":{"rendered":"<p><b>A Szent Istv\u00e1n Bazilika Gondnoks\u00e1ga bar\u00e1ts\u00e1gos, megb\u00edzhat\u00f3, seg\u00edt\u0151k\u00e9sz, angolul besz\u00e9l\u0151 munkat\u00e1rsat keres templom\u0151r munkak\u00f6rbe, teljes munkaid\u0151s munkaszerz\u0151d\u00e9ssel, 2025. augusztus 31. napj\u00e1ig.<\/b><\/p>\n\n\n\n<h5 class=\"wp-block-heading\">Feladatok:<\/h5>\n\n\n\n<ul class=\"wp-block-list\">\n<li>l\u00e1togat\u00f3k fogad\u00e1sa, t\u00e1j\u00e9koztat\u00e1sa magyar \u00e9s idegen nyelven (f\u0151k\u00e9nt angolul);<\/li>\n\n\n\n<li>bel\u00e9p\u0151jegyek kezel\u00e9se;<\/li>\n\n\n\n<li>Bazilika napi m\u0171k\u00f6d\u00e9s\u00e9ben val\u00f3 akt\u00edv k\u00f6zrem\u0171k\u00f6d\u00e9s;<\/li>\n\n\n\n<li>templomt\u00e9r, kincst\u00e1r, kil\u00e1t\u00f3 fel\u00fcgyelete;<\/li>\n\n\n\n<li>templomi rendezv\u00e9nyek el\u0151k\u00e9sz\u00edt\u00e9se, ezek lebonyol\u00edt\u00e1sban val\u00f3 r\u00e9szv\u00e9tel;<\/li>\n<\/ul>\n\n\n\n<h5 class=\"wp-block-heading\">K\u00f6vetelm\u00e9nyek:<\/h5>\n\n\n\n<ul class=\"wp-block-list\">\n<li>minimum k\u00f6z\u00e9pfok\u00fa v\u00e9gzetts\u00e9g (\u00e9retts\u00e9gi);<\/li>\n\n\n\n<li>angol nyelv t\u00e1rsalg\u00e1si szint\u0171 ismerete;<\/li>\n\n\n\n<li>terhelhet\u0151s\u00e9g, rugalmass\u00e1g;<\/li>\n\n\n\n<li>\u00f6n\u00e1ll\u00f3 prec\u00edz munkav\u00e9gz\u00e9s;<\/li>\n\n\n\n<li>megb\u00edzhat\u00f3s\u00e1g;<\/li>\n\n\n\n<li>seg\u00edt\u0151k\u00e9szs\u00e9g \u00e9s csapatszellem;<\/li>\n\n\n\n<li>b\u00fcntetlen el\u0151\u00e9let;<\/li>\n\n\n\n<li>a Katolikus Egyh\u00e1z \u00e9rt\u00e9keinek elfogad\u00e1sa;<\/li>\n<\/ul>\n\n\n\n<h5 class=\"wp-block-heading\">Amit k\u00edn\u00e1lunk:<\/h5>\n\n\n\n<ul class=\"wp-block-list\">\n<li>hat\u00e1rozott idej\u0171 munkaszerz\u0151d\u00e9s 2025. augusztus 31. napj\u00e1ig;<\/li>\n\n\n\n<li>heti 40 \u00f3r\u00e1s munkav\u00e9gz\u00e9s;<\/li>\n\n\n\n<li>azonnali munkakezd\u00e9s betan\u00edt\u00e1ssal;<\/li>\n\n\n\n<li>versenyk\u00e9pes fizet\u00e9s;<\/li>\n\n\n\n<li>folyamatos munkaid\u0151 beoszt\u00e1s (h\u00e9tv\u00e9g\u00e9n \u00e9s \u00fcnnepnapokon is) 9,75 \u00f3r\u00e1s munkanapokkal \u00e9s pihen\u0151napokkal;<\/li>\n\n\n\n<li>kultur\u00e1lt munkak\u00f6r\u00fclm\u00e9nyek.<\/li>\n<\/ul>\n\n\n\n<h5 class=\"wp-block-heading\">El\u0151nyt jelenthet:<\/h5>\n\n\n\n<p>P\u00e1ly\u00e1zatok elb\u00edr\u00e1l\u00e1s\u00e1n\u00e1l el\u0151nyt jelent a katolikus hit\u00e9letben val\u00f3 r\u00e9szv\u00e9tel, &#8211; t\u00f6bb idegen nyelv ismerete, hasonl\u00f3 munkak\u00f6rben szerzett tapasztalat.<\/p>\n\n\n\n<p>Application <b><u>f\u00e9nyk\u00e9pes \u00f6n\u00e9letrajzzal<\/u><\/b> a hr@basilica.hu e-mail c\u00edmen.<\/p>\n\n\n\n<p>A p\u00e1ly\u00e1zat beny\u00fajt\u00e1s\u00e1nak hat\u00e1rideje: 2025. j\u00falius 15.<\/p>\n\n\n\n<p><\/p>","protected":false},"excerpt":{"rendered":"<p>A Szent Istv\u00e1n Bazilika Gondnoks\u00e1ga bar\u00e1ts\u00e1gos, megb\u00edzhat\u00f3, seg\u00edt\u0151k\u00e9sz, angolul besz\u00e9l\u0151 munkat\u00e1rsat keres templom\u0151r munkak\u00f6rbe, teljes munkaid\u0151s munkaszerz\u0151d\u00e9ssel, 2025. augusztus 31. napj\u00e1ig. Feladatok: K\u00f6vetelm\u00e9nyek: Amit k\u00edn\u00e1lunk: El\u0151nyt jelenthet: P\u00e1ly\u00e1zatok elb\u00edr\u00e1l\u00e1s\u00e1n\u00e1l el\u0151nyt jelent a katolikus hit\u00e9letben val\u00f3 r\u00e9szv\u00e9tel, &#8211; t\u00f6bb idegen nyelv ismerete, hasonl\u00f3 munkak\u00f6rben szerzett tapasztalat. Jelentkez\u00e9s f\u00e9nyk\u00e9pes \u00f6n\u00e9letrajzzal a hr@basilica.hu e-mail c\u00edmen. A p\u00e1ly\u00e1zat beny\u00fajt\u00e1s\u00e1nak hat\u00e1rideje: 2025. j\u00falius 15.<\/p>","protected":false},"author":7,"featured_media":0,"parent":8984,"menu_order":0,"comment_status":"closed","ping_status":"closed","template":"","meta":{"_price":"","_stock":"","_tribe_ticket_header":"","_tribe_default_ticket_provider":"","_tribe_ticket_capacity":"0","_ticket_start_date":"","_ticket_end_date":"","_tribe_ticket_show_description":"","_tribe_ticket_show_not_going":false,"_tribe_ticket_use_global_stock":"","_tribe_ticket_global_stock_level":"","_global_stock_mode":"","_global_stock_cap":"","_tribe_rsvp_for_event":"","_tribe_ticket_going_count":"","_tribe_ticket_not_going_count":"","_tribe_tickets_list":"[]","_tribe_ticket_has_attendee_info_fields":false,"footnotes":"","_tec_slr_enabled":"","_tec_slr_layout":""},"class_list":["post-9008","page","type-page","status-publish","hentry"],"ticketed":false,"_links":{"self":[{"href":"https:\/\/bazilikabudapest.hu\/en\/wp-json\/wp\/v2\/pages\/9008","targetHints":{"allow":["GET"]}}],"collection":[{"href":"https:\/\/bazilikabudapest.hu\/en\/wp-json\/wp\/v2\/pages"}],"about":[{"href":"https:\/\/bazilikabudapest.hu\/en\/wp-json\/wp\/v2\/types\/page"}],"author":[{"embeddable":true,"href":"https:\/\/bazilikabudapest.hu\/en\/wp-json\/wp\/v2\/users\/7"}],"replies":[{"embeddable":true,"href":"https:\/\/bazilikabudapest.hu\/en\/wp-json\/wp\/v2\/comments?post=9008"}],"version-history":[{"count":2,"href":"https:\/\/bazilikabudapest.hu\/en\/wp-json\/wp\/v2\/pages\/9008\/revisions"}],"predecessor-version":[{"id":9010,"href":"https:\/\/bazilikabudapest.hu\/en\/wp-json\/wp\/v2\/pages\/9008\/revisions\/9010"}],"up":[{"embeddable":true,"href":"https:\/\/bazilikabudapest.hu\/en\/wp-json\/wp\/v2\/pages\/8984"}],"wp:attachment":[{"href":"https:\/\/bazilikabudapest.hu\/en\/wp-json\/wp\/v2\/media?parent=9008"}],"curies":[{"name":"wp","href":"https:\/\/api.w.org\/{rel}","templated":true}]}}

Templomőr munkatársat keresünk

<p><b>A Szent István Bazilika Gondnoksága barátságos, megbízható, segítőkész, angolul beszélő munkatársat keres templomőr munkakörbe, teljes munkaidős munkaszerződéssel, 2025. augusztus 31. napjáig.</b></p>



<h5 class="wp-block-heading">Feladatok:</h5>



<ul class="wp-block-list">
<li>látogatók fogadása, tájékoztatása magyar és idegen nyelven (főként angolul);</li>



<li>belépőjegyek kezelése;</li>



<li>Bazilika napi működésében való aktív közreműködés;</li>



<li>templomtér, kincstár, kilátó felügyelete;</li>



<li>templomi rendezvények előkészítése, ezek lebonyolításban való részvétel;</li>
</ul>



<h5 class="wp-block-heading">Követelmények:</h5>



<ul class="wp-block-list">
<li>minimum középfokú végzettség (érettségi);</li>



<li>angol nyelv társalgási szintű ismerete;</li>



<li>terhelhetőség, rugalmasság;</li>



<li>önálló precíz munkavégzés;</li>



<li>megbízhatóság;</li>



<li>segítőkészség és csapatszellem;</li>



<li>büntetlen előélet;</li>



<li>a Katolikus Egyház értékeinek elfogadása;</li>
</ul>



<h5 class="wp-block-heading">Amit kínálunk:</h5>



<ul class="wp-block-list">
<li>határozott idejű munkaszerződés 2025. augusztus 31. napjáig;</li>



<li>heti 40 órás munkavégzés;</li>



<li>azonnali munkakezdés betanítással;</li>



<li>versenyképes fizetés;</li>



<li>folyamatos munkaidő beosztás (hétvégén és ünnepnapokon is) 9,75 órás munkanapokkal és pihenőnapokkal;</li>



<li>kulturált munkakörülmények.</li>
</ul>



<h5 class="wp-block-heading">Előnyt jelenthet:</h5>



<p>Pályázatok elbírálásánál előnyt jelent a katolikus hitéletben való részvétel, &#8211; több idegen nyelv ismerete, hasonló munkakörben szerzett tapasztalat.</p>



<p>Application <b><u>fényképes önéletrajzzal</u></b> a hr@basilica.hu e-mail címen.</p>



<p>A pályázat benyújtásának határideje: 2025. július 15.</p>



<p></p>

<p>A Szent István Bazilika Gondnoksága barátságos, megbízható, segítőkész, angolul beszélő munkatársat keres templomőr munkakörbe, teljes munkaidős munkaszerződéssel, 2025. augusztus 31. napjáig. Feladatok: Követelmények: Amit kínálunk: Előnyt jelenthet: Pályázatok elbírálásánál előnyt jelent a katolikus hitéletben való részvétel, &#8211; több idegen nyelv ismerete, hasonló munkakörben szerzett tapasztalat. Jelentkezés fényképes önéletrajzzal a hr@basilica.hu e-mail címen. A pályázat benyújtásának határideje: 2025. július 15.</p>
